
Let a(u) = -3*u**3 + 94*u**2 + 24*u + 23. Calculate a(31).
1728
Let v(r) = r**3 - 2964*r**2 + 55952*r - 13. What is v(19)?
-70
Let a(v) = -21*v**2 - 301*v + 3027. Calculate a(10).
-2083
Let p(o) = 8*o**2 + 263*o - 2066. Calculate p(8).
550
Let g(f) = 13719*f - 4239170. Give g(309).
1
Let i(a) = -3*a**2 + 1970*a + 18006. Determine i(-9).
33
Let n(z) = -5*z**3 - 254*z**2 + 48*z - 131. Calculate n(-51).
22
Let c(p) = -7*p**2 + 1259*p + 5026. Calculate c(-4).
-122
Let t(d) = -186883*d - 10839228. What is t(-58)?
-14
Let d(m) = 16*m**2 - 82*m + 67. Give d(-9).
2101
Let z(r) = 4886*r - 5707. What is z(1)?
-821
Let i(u) = -694436*u - 5555492. What is i(-8)?
-4
Let h(b) = -238*b + 176208. Give h(740).
88
Let x(h) = 31*h**3 + 5*h + 22. Give x(-2).
-236
Let x(v) = 30*v**2 + 269*v + 41. Calculate x(-12).
1133
Let n(r) = 2302*r + 1116465. What is n(-485)?
-5
Let x(m) = 2*m**2 + 1243583*m + 7461436. Calculate x(-6).
10
Let c(y) = 44034*y - 307934. What is c(7)?
304
Let z(m) = -4*m**2 - 365*m - 9501. What is z(-25)?
-2876
Let s(j) = 332*j**3 + 6*j**2 - 125*j - 126. Give s(-1).
-327
Let i(j) = -1677*j - 120760. Determine i(-72).
-16
Let i(x) = 2*x**2 + 8961*x - 361642. Determine i(40).
-2
Let r(v) = 4*v**3 + 22*v**2 - 498*v - 68. Calculate r(9).
148
Let g(n) = -n**3 + 2*n**2 - 41*n + 203. Give g(4).
7
Let x(w) = w**3 - 302*w**2 + 1200*w - 2395. Determine x(298).
-11
Let h(j) = -8*j**2 - j - 884. Calculate h(0).
-884
Let h(a) = -5880*a + 88258. Give h(15).
58
Let f(t) = t**2 - 36837*t - 552799. Calculate f(-15).
-19
Let f(m) = 171*m**2 - 437*m - 165. Calculate f(3).
63
Let q(f) = -3*f**2 + 75*f - 360. What is q(5)?
-60
Let z(g) = -5*g**3 + 18*g**2 - 124*g + 224. What is z(2)?
8
Let z(r) = -r**3 - 69*r**2 - 707*r + 4626. Give z(-19).
9
Let r(n) = 17*n**2 + 416*n + 623. Determine r(-23).
48
Let y(u) = -3582*u - 83077. Determine y(-22).
-4273
Let f(z) = -z**2 - 639*z + 9814. Give f(15).
4
Let q(l) = 95*l + 17879. Determine q(-210).
-2071
Let m(k) = 2*k**2 + 102*k + 956. Calculate m(-41).
136
Let v(i) = -740036*i - 3700182. Determine v(-5).
-2
Let q(h) = -92*h**2 + 14709*h + 1750. Give q(160).
-10
Let v(u) = -952*u**2 - 8*u + 22. Give v(1).
-938
Let c(k) = 10146*k + 304380. What is c(-30)?
0
Let l(b) = 552*b + 7656. Calculate l(-12).
1032
Let i(o) = 13187*o + 237298. Give i(-18).
-68
Let m(d) = 16670*d - 100415. What is m(6)?
-395
Let x(n) = 34*n**2 - 424*n + 51. Calculate x(12).
-141
Let o(v) = -114*v - 19705. What is o(-173)?
17
Let c(i) = -2*i**3 + 4142*i**2 + 212103*i + 148. Determine c(-50).
-2
Let f(u) = -32*u**2 - 322*u - 1938. Calculate f(-6).
-1158
Let n(k) = 333*k - 4196. Calculate n(13).
133
Let a(c) = c**3 + 64*c**2 + 565*c - 10963. What is a(-47)?
35
Let m(y) = -25*y**2 + 5383*y + 16149. Give m(-3).
-225
Let v(x) = -1352*x + 32881. Give v(24).
433
Let z(w) = -w**2 - 151594*w - 3486125. Calculate z(-23).
8
Let h(v) = -v**2 + 4949*v + 295486. Give h(-59).
14
Let z(m) = 3*m**2 + 714*m + 39833. Determine z(-149).
50
Let o(a) = -1019*a - 20390. Give o(-20).
-10
Let v(w) = 2*w**3 + 21*w**2 + 372*w - 39. Give v(0).
-39
Let k(q) = -28098*q + 1545366. What is k(55)?
-24
Let d(v) = v**2 - 1711*v + 257854. What is d(167)?
6
Let l(v) = -v**2 + 125*v + 8986. Calculate l(-51).
10
Let x(h) = -4*h**2 - 36543*h + 512377. Give x(14).
-9
Let a(f) = 1182*f**2 + 20023*f - 1212. What is a(-17)?
-5
Let q(l) = -3*l**3 + 65*l**2 - 337*l - 12. Calculate q(6).
-342
Let p(j) = -j**3 + 6*j**2 + 32*j + 9. Calculate p(11).
-244
Let z(c) = 12707*c**2 - 266847*c - 10. Calculate z(21).
-10
Let d(x) = x**3 + 24*x**2 - 398*x - 433. Calculate d(-35).
22
Let j(a) = -a**3 - 10*a**2 - 3539*a - 50352. Give j(-14).
-22
Let k(t) = 17*t**2 + 4890*t - 9775. What is k(2)?
73
Let y(h) = -43*h**2 - 1450*h + 1963. Calculate y(-35).
38
Let b(m) = -29*m**2 + 243*m + 91. What is b(20)?
-6649
Let g(v) = v**3 + 38*v**2 - 593*v + 836. What is g(-50)?
486
Let y(l) = 23312*l - 163209. What is y(7)?
-25
Let j(f) = 8*f**2 + 754*f + 227. Determine j(-94).
39
Let l(g) = g**3 - 87*g**2 - 8150*g + 704004. What is l(83)?
-2
Let c(p) = -31868*p + 318679. Calculate c(10).
-1
Let b(c) = 32*c**2 - 101*c + 203. Determine b(2).
129
Let z(j) = 53016*j + 2279681. Give z(-43).
-7
Let r(v) = 4*v**3 - 27*v**2 - 41*v + 131. Give r(8).
123
Let q(v) = -4*v**3 + 1108*v**2 + 34*v - 9398. Determine q(277).
20
Let y(j) = -994*j + 7607. Calculate y(6).
1643
Let a(k) = -5*k**3 + 2*k**2 + 52*k + 24. What is a(4)?
-56
Let x(y) = 2*y**3 - 2*y**2 - 1747*y + 104. Determine x(30).
-106
Let z(q) = -3*q**3 - 2*q**2 - 35934*q - 35934. What is z(-1)?
1
Let l(z) = 2*z**3 + 87*z**2 - 5494*z - 35. Give l(35).
0
Let s(z) = z**3 + 7*z**2 + 150*z - 358. What is s(0)?
-358
Let l(u) = 8*u**3 + 214*u**2 + 29*u + 2625. Give l(-27).
384
Let g(q) = -49527*q + 81. Calculate g(0).
81
Let r(o) = 5*o**2 - 1384*o - 3554. What is r(279)?
-485
Let b(c) = 47910*c + 4934724. Determine b(-103).
-6
Let r(p) = -836*p + 747. Calculate r(1).
-89
Let q(i) = -i**2 + 13592*i - 67938. Determine q(5).
-3
Let l(o) = -4671*o + 504703. Calculate l(108).
235
Let d(v) = -3*v**3 - 52*v**2 + 169*v - 135. Give d(2).
-29
Let x(u) = 3783*u - 68564. What is x(18)?
-470
Let k(t) = 39*t**2 - 4306*t + 1922. Determine k(110).
162
Let j(u) = 11*u**3 - 595*u**2 + 39*u + 820. What is j(54)?
10
Let k(z) = 4664*z + 78814. Calculate k(-17).
-474
Let c(u) = -u**3 + 269*u**2 + 1160*u - 18275. Calculate c(273).
289
Let z(y) = -943*y - 33814. Give z(-36).
134
Let r(m) = 10*m + 277. Give r(-46).
-183
Let f(s) = 98015*s - 98027. Calculate f(1).
-12
Let a(o) = -40*o**3 + 16843*o**2 - 1269*o + 2515. Give a(421).
-11
Let z(c) = -c**3 - 48*c**2 + 7307*c + 360350. Give z(-50).
0
Let g(x) = -2*x**2 + 25*x - 194. Give g(9).
-131
Let q(i) = -3*i**3 - 421*i**2 + 718*i - 990. Calculate q(-142).
-2126
Let s(q) = 265142*q - 1325658. What is s(5)?
52
Let o(r) = -37055*r + 19. Determine o(0).
19
Let d(q) = 52*q**2 - 1045*q + 77. Determine d(20).
-23
Let m(a) = 36*a - 2145. What is m(41)?
-669
Let g(l) = 2*l**3 - 388*l**2 + 540*l - 29843. Calculate g(193).
-121
Let b(a) = -116647*a + 22512866. Calculate b(193).
-5
Let r(x) = 42*x**3 + 6*x**2 + 9*x + 31. Determine r(-2).
-299
Let f(g) = -8534*g - 187526. Give f(-22).
222
Let j(h) = 6723*h + 605112. Calculate j(-90).
42
Let h(d) = -41793*d + 501525. Give h(12).
9
Let v(p) = 35*p**2 + 1211*p - 52. What is v(-35)?
438
Let j(g) = -22306*g + 423826. Calculate j(19).
12
Let j(o) = o**3 + 18*o**2 - 60*o + 11. Calculate j(-21).
-52
Let h(y) = 23*y**2 - 974*y + 968. Determine h(1).
17
Let p(r) = 7*r**3 + 2*r**2 - 170*r + 495. Determine p(3).
192
Let h(w) = -w**3 + 19*w**2 + 239*w - 4773. Calculate h(21).
-636
Let j(t) = -67513*t + 540107. What is j(8)?
3
Let n(k) = 9*k**2 + 1703*k + 19467. Determine n(-177).
-3
Let y(n) = -n**2 + 239*n + 3752. Determine y(-15).
-58
Let j(a) = 31*a**3 - 861*a**2 + 959*a - 97. Give j(1).
32
Let y(f) = 64*f**2 - 8139*f - 6647. Determine y(128).
137
Let c(s) = 114*s**2 - 487*s + 982. Determine c(2).
464
Let b(k) = 4*k**3 - 47*k**2 - 39*k + 268. Determine b(12).
-56
Let j(a) = -2*a**2 - 534*a - 2612. Give j(-262).
8
Let o(s) = -1205*s + 45. Determine o(1).
-1160
Let o(m) = 83*m**3 + 14*m**2 - 43*m + 19. Determine o(3).
2257
Let k(n) = -1004*n + 13054. Calculate k(13).
2
Let b(d) = -d**3 + 44*d**2 - 344*d + 70. What is b(11)?
279
Let s(q) = 17*q**2 + 19522*q - 170082. Determine s(-1157).
-3
Let t(g) = -g**3 - 25*g**2 - 181*g - 836. Determine t(-17).
-71
Let c(f) = -3*f**2 + 971*f - 49621. Give c(260).
39
Let d(u) = -2*u**3 - 129*u**2 - 941*u + 581. What is d(-9)?
59
Let a(v) = -2*v**2 + 275*v + 3149. Give a(143).
1576
Let q(y) = 60*y**2 - 74722*y + 74720. What is q(1)?
58
Let l(x) = -192983*x - 1350852. Give l(-7).
29
Let y(t) = -307*t**2 - 2164*t - 95. Give y(-7).
10
Let g(c) = -7994*c - 47984. Give g(-6).
-20
Let y(h) = -42*h**2 - 882*h + 1432. Give y(-22).
508
Let t(l) = 3*l**3 - 536*l**2 - 196*l + 3077. Give t(179).
34
Let z(i) = i**3 - 79*i**2 - 12962*i - 291. Give z(-81).
-129
Let w(k) = -k**3 - 7*k**2 - 152*k - 705. Determine w(-5).
5
Let y(i) = -2*i**2 + 40301*i - 161183. Determine y(4).
-11
Let s(m) = 24*m**2 + 3753*m - 2331. What is s(-157)?
24
Let t(a) = 6171*a + 117334. Calculate t(-19).
85
Let b(j) = 5502*j - 66766. Determine b